{"id":212,"date":"2023-02-11T11:07:40","date_gmt":"2023-02-11T11:07:40","guid":{"rendered":"https:\/\/retro-forma.com\/tr\/almanya\/sc-freiburg\/"},"modified":"2023-02-11T11:07:40","modified_gmt":"2023-02-11T11:07:40","slug":"sc-freiburg","status":"publish","type":"page","link":"https:\/\/retro-forma.com\/tr\/almanya\/sc-freiburg\/","title":{"rendered":"SC Freiburg"},"content":{"rendered":"<p>SC Freiburg, 1876 y\u0131l\u0131nda kurulmu\u015f bir Alman futbol kul\u00fcb\u00fcd\u00fcr. Kul\u00fcb\u00fcn stadyumu Schwarzwald-Stadion, 24.000 ki\u015filik kapasiteye sahiptir. Kul\u00fcb\u00fcn retro formas\u0131, mavi-beyaz renklerinde olup, klasik bir g\u00f6r\u00fcn\u00fcme sahiptir.<\/p>\n<p>&nbsp;<\/p>\n<p>&nbsp;<\/p>\n<p>Stadyum: Europa-Park Stadion<\/p>\n<p>Adres: Achim-Stocker-Stra\u00dfe 1, Freiburg im Breisgau<\/p>\n<p>Kapasite: 34700<\/p>\n<p><img decoding=\"async\" src=\"https:\/\/media-1.api-sports.io\/football\/venues\/12717.png\" \/><\/p>\n<p>&nbsp;<\/p>\n<p>Temelde: 1904<\/p>\n","protected":false},"excerpt":{"rendered":"<p>Retro Jersey ve Kul\u00fcb\u00fc hakk\u0131nda k\u0131sa bir giri\u015f<\/p>\n<p>SC Freiburg, retro jerseyleriyle \u00fcnl\u00fc bir Alman futbol kul\u00fcb\u00fcd\u00fcr. Kul\u00fcp, 18-19. Y\u00fczy\u0131lda kurulmu\u015ftur ve g\u00fcn\u00fcm\u00fczde Bundesliga&#8217;da m\u00fccadele etmektedir. SC Freiburg, taraftarlar\u0131na \u00f6zg\u00fcn ve klasik g\u00f6r\u00fcn\u00fcml\u00fc retro jerseyler sunmaktad\u0131r. Bu jerseyler, kul\u00fcb\u00fcn tarihini ve k\u00fclt\u00fcr\u00fcn\u00fc<\/p>\n","protected":false},"author":1,"featured_media":213,"parent":206,"menu_order":0,"comment_status":"open","ping_status":"open","template":"","meta":{"inline_featured_image":false,"footnotes":""},"class_list":["post-212","page","type-page","status-publish","has-post-thumbnail","hentry"],"yoast_head":"<!-- This site is optimized with the Yoast SEO plugin v20.0 - https:\/\/yoast.com\/wordpress\/plugins\/seo\/ -->\n<title>Retro SC Freiburg forma. Ceket \/ formas\u0131<\/title>\n<meta name=\"description\" content=\"Retro giyimleriyle \u00f6zg\u00fcn tarz\u0131n\u0131 ortaya koyan SC Freiburg, futbol tutkunlar\u0131n\u0131n kalbini \u00e7almaya haz\u0131r! \u015eimdi, kul\u00fcb\u00fcn e\u015fsiz retro giysilerini ke\u015ffetmeye ba\u015flay\u0131n!\" \/>\n<meta name=\"robots\" content=\"index, follow, max-snippet:-1, max-image-preview:large, max-video-preview:-1\" \/>\n<link rel=\"canonical\" href=\"https:\/\/retro-forma.com\/tr\/almanya\/sc-freiburg\/\" \/>\n<meta property=\"og:locale\" content=\"da_DK\" \/>\n<meta property=\"og:type\" content=\"article\" \/>\n<meta property=\"og:title\" content=\"Retro SC Freiburg forma. Ceket \/ formas\u0131\" \/>\n<meta property=\"og:description\" content=\"Retro giyimleriyle \u00f6zg\u00fcn tarz\u0131n\u0131 ortaya koyan SC Freiburg, futbol tutkunlar\u0131n\u0131n kalbini \u00e7almaya haz\u0131r! \u015eimdi, kul\u00fcb\u00fcn e\u015fsiz retro giysilerini ke\u015ffetmeye ba\u015flay\u0131n!\" \/>\n<meta property=\"og:url\" content=\"https:\/\/retro-forma.com\/tr\/almanya\/sc-freiburg\/\" \/>\n<meta property=\"og:site_name\" content=\"Retro Forma\" \/>\n<meta property=\"og:image\" content=\"https:\/\/retro-forma.com\/tr\/wp-content\/uploads\/2023\/02\/160.png\" \/>\n\t<meta property=\"og:image:width\" content=\"150\" \/>\n\t<meta property=\"og:image:height\" content=\"150\" \/>\n\t<meta property=\"og:image:type\" content=\"image\/png\" \/>\n<meta name=\"twitter:card\" content=\"summary_large_image\" \/>\n<script type=\"application\/ld+json\" class=\"yoast-schema-graph\">{\"@context\":\"https:\/\/schema.org\",\"@graph\":[{\"@type\":\"WebPage\",\"@id\":\"https:\/\/retro-forma.com\/tr\/almanya\/sc-freiburg\/\",\"url\":\"https:\/\/retro-forma.com\/tr\/almanya\/sc-freiburg\/\",\"name\":\"Retro SC Freiburg forma. Ceket \/ formas\u0131\",\"isPartOf\":{\"@id\":\"https:\/\/retro-forma.com\/tr\/#website\"},\"datePublished\":\"2023-02-11T11:07:40+00:00\",\"dateModified\":\"2023-02-11T11:07:40+00:00\",\"description\":\"Retro giyimleriyle \u00f6zg\u00fcn tarz\u0131n\u0131 ortaya koyan SC Freiburg, futbol tutkunlar\u0131n\u0131n kalbini \u00e7almaya haz\u0131r! \u015eimdi, kul\u00fcb\u00fcn e\u015fsiz retro giysilerini ke\u015ffetmeye ba\u015flay\u0131n!\",\"breadcrumb\":{\"@id\":\"https:\/\/retro-forma.com\/tr\/almanya\/sc-freiburg\/#breadcrumb\"},\"inLanguage\":\"da-DK\",\"potentialAction\":[{\"@type\":\"ReadAction\",\"target\":[\"https:\/\/retro-forma.com\/tr\/almanya\/sc-freiburg\/\"]}]},{\"@type\":\"BreadcrumbList\",\"@id\":\"https:\/\/retro-forma.com\/tr\/almanya\/sc-freiburg\/#breadcrumb\",\"itemListElement\":[{\"@type\":\"ListItem\",\"position\":1,\"name\":\"Hjem\",\"item\":\"https:\/\/retro-forma.com\/tr\/\"},{\"@type\":\"ListItem\",\"position\":2,\"name\":\"Almanya\",\"item\":\"https:\/\/retro-forma.com\/tr\/almanya\/\"},{\"@type\":\"ListItem\",\"position\":3,\"name\":\"SC Freiburg\"}]},{\"@type\":\"WebSite\",\"@id\":\"https:\/\/retro-forma.com\/tr\/#website\",\"url\":\"https:\/\/retro-forma.com\/tr\/\",\"name\":\"Retro Forma\",\"description\":\"\",\"publisher\":{\"@id\":\"https:\/\/retro-forma.com\/tr\/#organization\"},\"potentialAction\":[{\"@type\":\"SearchAction\",\"target\":{\"@type\":\"EntryPoint\",\"urlTemplate\":\"https:\/\/retro-forma.com\/tr\/?s={search_term_string}\"},\"query-input\":\"required name=search_term_string\"}],\"inLanguage\":\"da-DK\"},{\"@type\":\"Organization\",\"@id\":\"https:\/\/retro-forma.com\/tr\/#organization\",\"name\":\"Retro Forma\",\"url\":\"https:\/\/retro-forma.com\/tr\/\",\"logo\":{\"@type\":\"ImageObject\",\"inLanguage\":\"da-DK\",\"@id\":\"https:\/\/retro-forma.com\/tr\/#\/schema\/logo\/image\/\",\"url\":\"https:\/\/retro-forma.com\/tr\/wp-content\/uploads\/2023\/02\/Retro-troeje.png\",\"contentUrl\":\"https:\/\/retro-forma.com\/tr\/wp-content\/uploads\/2023\/02\/Retro-troeje.png\",\"width\":250,\"height\":100,\"caption\":\"Retro Forma\"},\"image\":{\"@id\":\"https:\/\/retro-forma.com\/tr\/#\/schema\/logo\/image\/\"}}]}<\/script>\n<!-- \/ Yoast SEO plugin. -->","yoast_head_json":{"title":"Retro SC Freiburg forma. Ceket \/ formas\u0131","description":"Retro giyimleriyle \u00f6zg\u00fcn tarz\u0131n\u0131 ortaya koyan SC Freiburg, futbol tutkunlar\u0131n\u0131n kalbini \u00e7almaya haz\u0131r! \u015eimdi, kul\u00fcb\u00fcn e\u015fsiz retro giysilerini ke\u015ffetmeye ba\u015flay\u0131n!","robots":{"index":"index","follow":"follow","max-snippet":"max-snippet:-1","max-image-preview":"max-image-preview:large","max-video-preview":"max-video-preview:-1"},"canonical":"https:\/\/retro-forma.com\/tr\/almanya\/sc-freiburg\/","og_locale":"da_DK","og_type":"article","og_title":"Retro SC Freiburg forma. Ceket \/ formas\u0131","og_description":"Retro giyimleriyle \u00f6zg\u00fcn tarz\u0131n\u0131 ortaya koyan SC Freiburg, futbol tutkunlar\u0131n\u0131n kalbini \u00e7almaya haz\u0131r! \u015eimdi, kul\u00fcb\u00fcn e\u015fsiz retro giysilerini ke\u015ffetmeye ba\u015flay\u0131n!","og_url":"https:\/\/retro-forma.com\/tr\/almanya\/sc-freiburg\/","og_site_name":"Retro Forma","og_image":[{"width":150,"height":150,"url":"https:\/\/retro-forma.com\/tr\/wp-content\/uploads\/2023\/02\/160.png","type":"image\/png"}],"twitter_card":"summary_large_image","schema":{"@context":"https:\/\/schema.org","@graph":[{"@type":"WebPage","@id":"https:\/\/retro-forma.com\/tr\/almanya\/sc-freiburg\/","url":"https:\/\/retro-forma.com\/tr\/almanya\/sc-freiburg\/","name":"Retro SC Freiburg forma. Ceket \/ formas\u0131","isPartOf":{"@id":"https:\/\/retro-forma.com\/tr\/#website"},"datePublished":"2023-02-11T11:07:40+00:00","dateModified":"2023-02-11T11:07:40+00:00","description":"Retro giyimleriyle \u00f6zg\u00fcn tarz\u0131n\u0131 ortaya koyan SC Freiburg, futbol tutkunlar\u0131n\u0131n kalbini \u00e7almaya haz\u0131r! \u015eimdi, kul\u00fcb\u00fcn e\u015fsiz retro giysilerini ke\u015ffetmeye ba\u015flay\u0131n!","breadcrumb":{"@id":"https:\/\/retro-forma.com\/tr\/almanya\/sc-freiburg\/#breadcrumb"},"inLanguage":"da-DK","potentialAction":[{"@type":"ReadAction","target":["https:\/\/retro-forma.com\/tr\/almanya\/sc-freiburg\/"]}]},{"@type":"BreadcrumbList","@id":"https:\/\/retro-forma.com\/tr\/almanya\/sc-freiburg\/#breadcrumb","itemListElement":[{"@type":"ListItem","position":1,"name":"Hjem","item":"https:\/\/retro-forma.com\/tr\/"},{"@type":"ListItem","position":2,"name":"Almanya","item":"https:\/\/retro-forma.com\/tr\/almanya\/"},{"@type":"ListItem","position":3,"name":"SC Freiburg"}]},{"@type":"WebSite","@id":"https:\/\/retro-forma.com\/tr\/#website","url":"https:\/\/retro-forma.com\/tr\/","name":"Retro Forma","description":"","publisher":{"@id":"https:\/\/retro-forma.com\/tr\/#organization"},"potentialAction":[{"@type":"SearchAction","target":{"@type":"EntryPoint","urlTemplate":"https:\/\/retro-forma.com\/tr\/?s={search_term_string}"},"query-input":"required name=search_term_string"}],"inLanguage":"da-DK"},{"@type":"Organization","@id":"https:\/\/retro-forma.com\/tr\/#organization","name":"Retro Forma","url":"https:\/\/retro-forma.com\/tr\/","logo":{"@type":"ImageObject","inLanguage":"da-DK","@id":"https:\/\/retro-forma.com\/tr\/#\/schema\/logo\/image\/","url":"https:\/\/retro-forma.com\/tr\/wp-content\/uploads\/2023\/02\/Retro-troeje.png","contentUrl":"https:\/\/retro-forma.com\/tr\/wp-content\/uploads\/2023\/02\/Retro-troeje.png","width":250,"height":100,"caption":"Retro Forma"},"image":{"@id":"https:\/\/retro-forma.com\/tr\/#\/schema\/logo\/image\/"}}]}},"_links":{"self":[{"href":"https:\/\/retro-forma.com\/tr\/wp-json\/wp\/v2\/pages\/212","targetHints":{"allow":["GET"]}}],"collection":[{"href":"https:\/\/retro-forma.com\/tr\/wp-json\/wp\/v2\/pages"}],"about":[{"href":"https:\/\/retro-forma.com\/tr\/wp-json\/wp\/v2\/types\/page"}],"author":[{"embeddable":true,"href":"https:\/\/retro-forma.com\/tr\/wp-json\/wp\/v2\/users\/1"}],"replies":[{"embeddable":true,"href":"https:\/\/retro-forma.com\/tr\/wp-json\/wp\/v2\/comments?post=212"}],"version-history":[{"count":0,"href":"https:\/\/retro-forma.com\/tr\/wp-json\/wp\/v2\/pages\/212\/revisions"}],"up":[{"embeddable":true,"href":"https:\/\/retro-forma.com\/tr\/wp-json\/wp\/v2\/pages\/206"}],"wp:featuredmedia":[{"embeddable":true,"href":"https:\/\/retro-forma.com\/tr\/wp-json\/wp\/v2\/media\/213"}],"wp:attachment":[{"href":"https:\/\/retro-forma.com\/tr\/wp-json\/wp\/v2\/media?parent=212"}],"curies":[{"name":"wp","href":"https:\/\/api.w.org\/{rel}","templated":true}]}}

<p>SC Freiburg, 1876 yılında kurulmuş bir Alman futbol kulübüdür. Kulübün stadyumu Schwarzwald-Stadion, 24.000 kişilik kapasiteye sahiptir. Kulübün retro forması, mavi-beyaz renklerinde olup, klasik bir görünüme sahiptir.</p>
<p>&nbsp;</p>
<p>&nbsp;</p>
<p>Stadyum: Europa-Park Stadion</p>
<p>Adres: Achim-Stocker-Straße 1, Freiburg im Breisgau</p>
<p>Kapasite: 34700</p>
<p><img decoding="async" src="https://media-1.api-sports.io/football/venues/12717.png" /></p>
<p>&nbsp;</p>
<p>Temelde: 1904</p>

<p>Retro Jersey ve Kulübü hakkında kısa bir giriş</p>
<p>SC Freiburg, retro jerseyleriyle ünlü bir Alman futbol kulübüdür. Kulüp, 18-19. Yüzyılda kurulmuştur ve günümüzde Bundesliga&#8217;da mücadele etmektedir. SC Freiburg, taraftarlarına özgün ve klasik görünümlü retro jerseyler sunmaktadır. Bu jerseyler, kulübün tarihini ve kültürünü</p>

<!-- This site is optimized with the Yoast SEO plugin v20.0 - https://yoast.com/wordpress/plugins/seo/ -->
<title>Retro SC Freiburg forma. Ceket / forması</title>
<meta name="description" content="Retro giyimleriyle özgün tarzını ortaya koyan SC Freiburg, futbol tutkunlarının kalbini çalmaya hazır! Şimdi, kulübün eşsiz retro giysilerini keşfetmeye başlayın!" />
<meta name="robots" content="index, follow, max-snippet:-1, max-image-preview:large, max-video-preview:-1" />
<link rel="canonical" href="https://retro-forma.com/tr/almanya/sc-freiburg/" />
<meta property="og:locale" content="da_DK" />
<meta property="og:type" content="article" />
<meta property="og:title" content="Retro SC Freiburg forma. Ceket / forması" />
<meta property="og:description" content="Retro giyimleriyle özgün tarzını ortaya koyan SC Freiburg, futbol tutkunlarının kalbini çalmaya hazır! Şimdi, kulübün eşsiz retro giysilerini keşfetmeye başlayın!" />
<meta property="og:url" content="https://retro-forma.com/tr/almanya/sc-freiburg/" />
<meta property="og:site_name" content="Retro Forma" />
<meta property="og:image" content="https://retro-forma.com/tr/wp-content/uploads/2023/02/160.png" />
	<meta property="og:image:width" content="150" />
	<meta property="og:image:height" content="150" />
	<meta property="og:image:type" content="image/png" />
<meta name="twitter:card" content="summary_large_image" />
<script type="application/ld+json" class="yoast-schema-graph">{"@context":"https://schema.org","@graph":[{"@type":"WebPage","@id":"https://retro-forma.com/tr/almanya/sc-freiburg/","url":"https://retro-forma.com/tr/almanya/sc-freiburg/","name":"Retro SC Freiburg forma. Ceket / forması","isPartOf":{"@id":"https://retro-forma.com/tr/#website"},"datePublished":"2023-02-11T11:07:40+00:00","dateModified":"2023-02-11T11:07:40+00:00","description":"Retro giyimleriyle özgün tarzını ortaya koyan SC Freiburg, futbol tutkunlarının kalbini çalmaya hazır! Şimdi, kulübün eşsiz retro giysilerini keşfetmeye başlayın!","breadcrumb":{"@id":"https://retro-forma.com/tr/almanya/sc-freiburg/#breadcrumb"},"inLanguage":"da-DK","potentialAction":[{"@type":"ReadAction","target":["https://retro-forma.com/tr/almanya/sc-freiburg/"]}]},{"@type":"BreadcrumbList","@id":"https://retro-forma.com/tr/almanya/sc-freiburg/#breadcrumb","itemListElement":[{"@type":"ListItem","position":1,"name":"Hjem","item":"https://retro-forma.com/tr/"},{"@type":"ListItem","position":2,"name":"Almanya","item":"https://retro-forma.com/tr/almanya/"},{"@type":"ListItem","position":3,"name":"SC Freiburg"}]},{"@type":"WebSite","@id":"https://retro-forma.com/tr/#website","url":"https://retro-forma.com/tr/","name":"Retro Forma","description":"","publisher":{"@id":"https://retro-forma.com/tr/#organization"},"potentialAction":[{"@type":"SearchAction","target":{"@type":"EntryPoint","urlTemplate":"https://retro-forma.com/tr/?s={search_term_string}"},"query-input":"required name=search_term_string"}],"inLanguage":"da-DK"},{"@type":"Organization","@id":"https://retro-forma.com/tr/#organization","name":"Retro Forma","url":"https://retro-forma.com/tr/","logo":{"@type":"ImageObject","inLanguage":"da-DK","@id":"https://retro-forma.com/tr/#/schema/logo/image/","url":"https://retro-forma.com/tr/wp-content/uploads/2023/02/Retro-troeje.png","contentUrl":"https://retro-forma.com/tr/wp-content/uploads/2023/02/Retro-troeje.png","width":250,"height":100,"caption":"Retro Forma"},"image":{"@id":"https://retro-forma.com/tr/#/schema/logo/image/"}}]}</script>
<!-- / Yoast SEO plugin. -->

Retro SC Freiburg forma. Ceket / forması

Retro giyimleriyle özgün tarzını ortaya koyan SC Freiburg, futbol tutkunlarının kalbini çalmaya hazır! Şimdi, kulübün eşsiz retro giysilerini keşfetmeye başlayın!
